*g = 4*l - 170. Calculate the greatest common factor of l and 399.
21
Suppose 0 = 9*o - 11*o + 24. Suppose 2*b - o = 8. Suppose -20 = -3*y - y. What is the greatest common factor of b and y?
5
Let o be (36/(-14))/((-275)/(-35) + -8). Let q = 18 - -36. What is the greatest common divisor of q and o?
18
Let k be (0 - 0/1) + 2. Let q be (81/15)/(4*1/140). Suppose -5*c = k*f - 88, 5*f - 3*c = -0*f + q. What is the greatest common factor of f and 26?
13
Suppose 92 = 2*r - 0*r. Let p = -18 - r. Let l = p + 91. What is the highest common divisor of 189 and l?
27
Let g = 648 - 144. What is the greatest common divisor of 36 and g?
36
Let m = -92 - -160. What is the greatest common divisor of 17 and m?
17
Suppose -2*m + m = 2*y - 31, 0 = -4*y + 5*m + 41. What is the highest common factor of y and 434?
14
Let g = 1413 + -1397. What is the greatest common divisor of g and 2768?
16
Let x(w) = w**2 - w - 11 - 3*w + 5*w - 3*w. Let s be x(5). Suppose 2*y - 12 = s*d, 2*d - 5*d + 2 = 4*y. What is the greatest common factor of y and 16?
2
Suppose h = -16 + 17. Suppose 3*u - 85 + h = 0. What is the highest common divisor of 7 and u?
7
Let d(k) = 50*k**2 + 114*k + 13. Let j be d(-7). What is the greatest common divisor of j and 45?
45
Let p(y) = -y**3 + 2*y**2 + y + 2. Let t be p(0). Let g = -18 + 24. What is the highest common factor of g and t?
2
Let d be 43310/568 - 14/(-8). What is the highest common factor of d and 2613?
39
Let n = 384 - 203. Let x = -109 + n. Calculate the highest common divisor of x and 8.
8
Let l(i) = -i**3 + 4*i**2 + 37*i - 5. Let h be l(7). What is the highest common factor of h and 1?
1
Let r(y) = -y**3 + 15*y**2 + 5*y - 18. Let g be r(13). Calculate the highest common factor of 55 and g.
55
Suppose 0 = -7*c + 39*c - 608. What is the highest common divisor of 437 and c?
19
Suppose 3*l - 4 + 0 = -h, h = -4*l + 6. Let r be l - (-130)/(-1 - -6). Calculate the greatest common factor of r and 224.
28
Suppose 10 - 40 = -6*c. Suppose -v = 0, -c*v = -3*q - 0*v - 24. Let l = q - -26. What is the highest common divisor of l and 162?
18
Suppose 32*c + 110 - 494 = 0. Calculate the highest common divisor of c and 16.
4
Let v = 257 - 191. Calculate the greatest common factor of 99 and v.
33
Suppose -23 = -3*m + 1. Let u = m + -19. Let y(g) = -g**3 - 12*g**2 - 13*g + 6. Let k be y(u). What is the greatest common factor of 224 and k?
28
Suppose -2*h - 2 = -4. Let w(p) = 2*p - 6. Let r be w(6). Let c be (-5)/(-3 + (r - 4)). What is the greatest common divisor of c and h?
1
Suppose -60*j + 200 = -52*j. Calculate the greatest common divisor of j and 95.
5
Suppose 0 = -3*v - 2*w + 276, -5*v + 2*w + 92 = -352. Calculate the greatest common divisor of v and 36.
18
Let h(c) = 2*c + 33. Let j be h(-15). Suppose -4*k = 2*o - 20, -j*k - k = -4. Let l = -85 + 141. Calculate the greatest common divisor of o and l.
8
Suppose 5*a = 5*u, -a - 3*u + 13 = -3. Suppose -a - 10 = -d - 3*b, -2*d = 2*b - 12. Suppose -3*w + 140 = d*w. Calculate the highest common factor of 14 and w.
14
Let a(r) = -r**3 + 4*r**2 - r**2 - 4*r**2 + 11. Let b be a(0). Suppose -2 = -10*i + 108. Calculate the greatest common divisor of b and i.
11
Let v(j) = 4*j - 7. Let l be v(5). Suppose 15*k - 126 = -5*r + 19*k, 10 = r + 3*k. Let u = r - l. What is the greatest common factor of 27 and u?
9
Let a(q) = -q**3 + 6*q**2 - 7*q. Let o be a(3). Suppose -2*j - m = -o, -j + 6*j + m - 15 = 0. What is the greatest common factor of 24 and j?
3
Suppose -x = 5*u - 1299, -19*u + 15*u - 5268 = -4*x. What is the greatest common divisor of 18 and x?
18
Suppose 8*z + 448 = 12*z. Let l be ((-32)/(-6))/((-7)/(-6) + -1). Calculate the greatest common divisor of l and z.
16
Let c = -15 + 21. Suppose 5*i = c + 14. Suppose 165 = i*t - t. What is the greatest common divisor of t and 5?
5
Let v(g) = -6*g**3 - g. Let s be v(-1). Suppose -3*b + 4*b = s. Let k = b - 1. What is the highest common divisor of 42 and k?
6
Let o be 722/8 + (-7)/(-84)*-3. Calculate the greatest common divisor of o and 9.
9
Let z be 11 + -9 + 0/(-3). Suppose 0 = -v, -v - 195 = -z*g - 3*g. What is the highest common divisor of g and 78?
39
Let z be ((-3)/2)/((-3)/64). Let h be (20/3 + 0)*(-960)/(-800). Calculate the greatest common divisor of z and h.
8
Let x(j) = -7*j + 107. Let o be x(16). Let g(l) = 9 - 2*l + l + 0*l. Let n be g(o). Calculate the highest common divisor of 56 and n.
14
Let b be 2/8*((-7)/7 - -13). Let r be (-720)/(-27)*b/2. Calculate the highest common factor of 20 and r.
20
Let k be 4/(-10) + 7616/40. Suppose 2*j + 3 = 5*t + 93, k = 5*j + 5*t. What is the highest common factor of j and 8?
8
Suppose -5*o - 5*d + 314 = -1351, 4*o - 1332 = 3*d. What is the highest common factor of 37 and o?
37
Let k be (3 - 0) + -1 - 2. Suppose 25*a - 27*a + 168 = k. What is the highest common factor of a and 21?
21
Suppose 2*h + 4*b = 104, 7*h - 4*h + b - 166 = 0. What is the greatest common factor of 64 and h?
8
Let g(h) = 12*h**2 + 130*h + 5. Let m be g(-11). Calculate the greatest common divisor of m and 69.
3
Suppose -3*m + 55 = 2*m. Suppose -28*b - 33 = -31*b. Calculate the highest common factor of m and b.
11
Let v(n) = 48*n. Let t be v(-1). Suppose 5*k = -3*g + 4*g - 170, 2*g = -3*k - 89. Let a = k - t. Calculate the greatest common factor of a and 15.
15
Let q(h) = h**2 + 12*h + 21. Suppose -5*t + 4*t + 13 = -n, 2*t = -2*n - 14. Let o be q(n). What is the greatest common divisor of o and 6?
1
Suppose 0 = 2*h - 4*c - 308, 8*c = 4*h + 4*c - 616. What is the highest common divisor of 28 and h?
14
Let k be (0/(-6))/((-5 + 14)/3). Suppose 5 + 7 = 3*s. Suppose -3*f + 0*f = k, 5*x = -s*f + 175. Calculate the highest common factor of x and 14.
7
Suppose -1044 = 6*v - 35*v. Calculate the greatest common factor of 12 and v.
12
Let h be -30*2*(-1)/4. Let b = 9 + -6. Calculate the greatest common factor of b and h.
3
Suppose -5*y = 5*c - 440, -3*c = 8*y - 3*y - 444. What is the greatest common factor of y and 40?
10
Let d = -336 + 380. Suppose -60 = -4*z + 292. Calculate the highest common divisor of d and z.
44
Let j be ((-1057)/14)/(185/(-90) - -2). What is the greatest common factor of 9 and j?
9
Let j(x) = -x + 10. Let m be j(10). Suppose -8 = -2*g - 2*v - m*v, -g - 3*v = 0. Let b be (-224)/(-3) - (-2)/g. What is the highest common divisor of b and 50?
25
Let w = 152 - 122. What is the greatest common factor of 40 and w?
10
Suppose 2*z - 3 = -z. Let b be -2*3*(-2)/3. Suppose -22 - 10 = -b*i. Calculate the greatest common divisor of i and z.
1
Suppose -t + 0*t + 28 = 0. Suppose -11*a + 25 = -6*a. Suppose 4*r - 20 = -0*r, -a*i + 45 = 2*r. What is the highest common divisor of i and t?
7
Suppose -2*k - 265 = -5*t, -5*k - 3 = -5*t + 247. What is the greatest common factor of 70 and t?
5
Suppose 0 = -2*m - 5*m - 651. Let a = m - -261. What is the highest common divisor of a and 21?
21
Let x(j) = j**2 + 7*j - 10. Let k be x(-10). Suppose a = -b + 46, 0*a - 4*b = -2*a + 116. What is the highest common factor of a and k?
10
Let o = 24 + -38. Let u be (o/4)/(3/(-6)). Calculate the highest common divisor of 21 and u.
7
Let h(m) be the second derivative of -11*m**5/20 + m. Let j be h(-1). Let c = 76 + -54. What is the highest common divisor of j and c?
11
Suppose -3*d = 5*f + 7, d + 2*d - 5*f = 43. Suppose -4*w + 16 = -20. What is the greatest common factor of w and d?
3
Suppose -4*y = -0*y - 16. Suppose 2*q - 40 = -5*j, 3*q - 98 = -y*j - 31. What is the highest common factor of 100 and q?
25
Let g(c) = 5*c**2 + 19*c + 16. Let a be g(6). Calculate the highest common factor of a and 20.
10
Let n be 2/(-8)*0 + 0/1. Let w(m) = m**3 - 2*m**2 + 14. Let b be w(n). What is the highest common factor of b and 7?
7
Let v be ((-2)/6)/(2/(-18)). Suppose g + u = 4, 3*g + 0*u = 2*u + 7. Suppose -v*r + 75 = g*i - 2*i, -3 = -i. Calculate the greatest common divisor of r and 36.
12
Let i = -2 + -5. Let a(y) = -y**2 - 9*y + 1. Let g be a(i). Calculate the highest common factor of 30 and g.
15
Let r be (16/(-22))/4 - (-1680)/44. What is the greatest common divisor of r and 133?
19
Suppose 38 = 12*j - 166. What is the greatest common factor of 3434 and j?
17
Suppose -5*o = -4*w + 80, 4*o - 3*o + 96 = 4*w. Suppose 5*g = 3*k + 3*g - 242, 5*g = w. Calculate the highest common 